{"version":"1.0","provider_name":"PROGRAMME DE BOURSES EN INCLUSION ET PHILANTHROPIE","provider_url":"https:\/\/afpinclusivegiving.ca\/fr\/","author_name":"envision","author_url":"https:\/\/afpinclusivegiving.ca\/fr\/author\/envision\/","title":"LA PHILANTHROPIE ET L\u2019INITIATIVE V\u00c9RIT\u00c9 ET R\u00c9CONCILIATION - PROGRAMME DE BOURSES EN INCLUSION ET PHILANTHROPIE","type":"rich","width":600,"height":338,"html":"<blockquote class=\"wp-embedded-content\" data-secret=\"aii9L7NGR2\"><a href=\"https:\/\/afpinclusivegiving.ca\/fr\/resource\/la-philanthropie-et-linitiative-verite-et-reconciliation\/\">LA PHILANTHROPIE ET L\u2019INITIATIVE V\u00c9RIT\u00c9 ET R\u00c9CONCILIATION<\/a><\/blockquote><iframe sandbox=\"allow-scripts\" security=\"restricted\" src=\"https:\/\/afpinclusivegiving.ca\/fr\/resource\/la-philanthropie-et-linitiative-verite-et-reconciliation\/embed\/#?secret=aii9L7NGR2\" width=\"600\" height=\"338\" title=\"\u00ab\u00a0LA PHILANTHROPIE ET L\u2019INITIATIVE V\u00c9RIT\u00c9 ET R\u00c9CONCILIATION\u00a0\u00bb &#8212; PROGRAMME DE BOURSES EN INCLUSION ET PHILANTHROPIE\" data-secret=\"aii9L7NGR2\" frameborder=\"0\" marginwidth=\"0\" marginheight=\"0\" scrolling=\"no\" class=\"wp-embedded-content\"><\/iframe><script type=\"text\/javascript\">\n\/* <![CDATA[ *\/\n\/*! This file is auto-generated *\/\n!function(d,l){\"use strict\";l.querySelector&&d.addEventListener&&\"undefined\"!=typeof URL&&(d.wp=d.wp||{},d.wp.receiveEmbedMessage||(d.wp.receiveEmbedMessage=function(e){var t=e.data;if((t||t.secret||t.message||t.value)&&!\/[^a-zA-Z0-9]\/.test(t.secret)){for(var s,r,n,a=l.querySelectorAll('iframe[data-secret=\"'+t.secret+'\"]'),o=l.querySelectorAll('blockquote[data-secret=\"'+t.secret+'\"]'),c=new RegExp(\"^https?:$\",\"i\"),i=0;i<o.length;i++)o[i].style.display=\"none\";for(i=0;i<a.length;i++)s=a[i],e.source===s.contentWindow&&(s.removeAttribute(\"style\"),\"height\"===t.message?(1e3<(r=parseInt(t.value,10))?r=1e3:~~r<200&&(r=200),s.height=r):\"link\"===t.message&&(r=new URL(s.getAttribute(\"src\")),n=new URL(t.value),c.test(n.protocol))&&n.host===r.host&&l.activeElement===s&&(d.top.location.href=t.value))}},d.addEventListener(\"message\",d.wp.receiveEmbedMessage,!1),l.addEventListener(\"DOMContentLoaded\",function(){for(var e,t,s=l.querySelectorAll(\"iframe.wp-embedded-content\"),r=0;r<s.length;r++)(t=(e=s[r]).getAttribute(\"data-secret\"))||(t=Math.random().toString(36).substring(2,12),e.src+=\"#?secret=\"+t,e.setAttribute(\"data-secret\",t)),e.contentWindow.postMessage({message:\"ready\",secret:t},\"*\")},!1)))}(window,document);\n\/* ]]> *\/\n<\/script>\n","description":"Sharon Redsky Le projet a consist\u00e9 en une analyse exploratoire visant \u00e0 acqu\u00e9rir une meilleure compr\u00e9hension de ce sujet, de m\u00eame qu\u2019en des entretiens avec divers intervenants du secteur philanthropique pour d\u00e9terminer leur connaissance du sujet ainsi que leurs succ\u00e8s et d\u00e9fis en mati\u00e8re de soutien des appels \u00e0 l\u2019action de la Commission de v\u00e9rit\u00e9 &hellip; Continue reading &rarr;"}

LA PHILANTHROPIE ET L’INITIATIVE VÉRITÉ ET RÉCONCILIATION - PROGRAMME DE BOURSES EN INCLUSION ET PHILANTHROPIE

<blockquote class="wp-embedded-content" data-secret="aii9L7NGR2"><a href="https://afpinclusivegiving.ca/fr/resource/la-philanthropie-et-linitiative-verite-et-reconciliation/">LA PHILANTHROPIE ET L’INITIATIVE VÉRITÉ ET RÉCONCILIATION</a></blockquote><iframe sandbox="allow-scripts" security="restricted" src="https://afpinclusivegiving.ca/fr/resource/la-philanthropie-et-linitiative-verite-et-reconciliation/embed/#?secret=aii9L7NGR2" width="600" height="338" title="« LA PHILANTHROPIE ET L’INITIATIVE VÉRITÉ ET RÉCONCILIATION » &#8212; PROGRAMME DE BOURSES EN INCLUSION ET PHILANTHROPIE" data-secret="aii9L7NGR2" frameborder="0" marginwidth="0" marginheight="0" scrolling="no" class="wp-embedded-content"></iframe><script type="text/javascript">
/* <![CDATA[ */
/*! This file is auto-generated */
!function(d,l){"use strict";l.querySelector&&d.addEventListener&&"undefined"!=typeof URL&&(d.wp=d.wp||{},d.wp.receiveEmbedMessage||(d.wp.receiveEmbedMessage=function(e){var t=e.data;if((t||t.secret||t.message||t.value)&&!/[^a-zA-Z0-9]/.test(t.secret)){for(var s,r,n,a=l.querySelectorAll('iframe[data-secret="'+t.secret+'"]'),o=l.querySelectorAll('blockquote[data-secret="'+t.secret+'"]'),c=new RegExp("^https?:$","i"),i=0;i<o.length;i++)o[i].style.display="none";for(i=0;i<a.length;i++)s=a[i],e.source===s.contentWindow&&(s.removeAttribute("style"),"height"===t.message?(1e3<(r=parseInt(t.value,10))?r=1e3:~~r<200&&(r=200),s.height=r):"link"===t.message&&(r=new URL(s.getAttribute("src")),n=new URL(t.value),c.test(n.protocol))&&n.host===r.host&&l.activeElement===s&&(d.top.location.href=t.value))}},d.addEventListener("message",d.wp.receiveEmbedMessage,!1),l.addEventListener("DOMContentLoaded",function(){for(var e,t,s=l.querySelectorAll("iframe.wp-embedded-content"),r=0;r<s.length;r++)(t=(e=s[r]).getAttribute("data-secret"))||(t=Math.random().toString(36).substring(2,12),e.src+="#?secret="+t,e.setAttribute("data-secret",t)),e.contentWindow.postMessage({message:"ready",secret:t},"*")},!1)))}(window,document);
/* ]]> */
</script>

Sharon Redsky Le projet a consisté en une analyse exploratoire visant à acquérir une meilleure compréhension de ce sujet, de même qu’en des entretiens avec divers intervenants du secteur philanthropique pour déterminer leur connaissance du sujet ainsi que leurs succès et défis en matière de soutien des appels à l’action de la Commission de vérité &hellip; Continue reading &rarr;
